{"id":30,"date":"2025-02-12T14:25:21","date_gmt":"2025-02-12T13:25:21","guid":{"rendered":"https:\/\/ecovolleyorleans.com\/?page_id=30"},"modified":"2025-04-07T16:07:56","modified_gmt":"2025-04-07T14:07:56","slug":"volley-pour-tous","status":"publish","type":"page","link":"https:\/\/ecovolleyorleans.com\/index.php\/volley-pour-tous\/","title":{"rendered":"Volley Pour Tous"},"content":{"rendered":"\t\t<div data-elementor-type=\"wp-page\" data-elementor-id=\"30\" class=\"elementor elementor-30\" data-elementor-post-type=\"page\">\n\t\t\t\t<div class=\"elementor-element elementor-element-cc7cba2 e-flex e-con-boxed e-con e-parent\" data-id=\"cc7cba2\" data-element_type=\"container\" data-settings=\"{&quot;background_background&quot;:&quot;classic&quot;}\">\n\t\t\t\t\t<div class=\"e-con-inner\">\n\t\t\t\t<div class=\"elementor-element elementor-element-7b6f302 animated-fast elementor-invisible elementor-widget elementor-widget-heading\" data-id=\"7b6f302\" data-element_type=\"widget\" data-settings=\"{&quot;_animation&quot;:&quot;flash&quot;,&quot;_animation_delay&quot;:500}\" data-widget_type=\"heading.default\">\n\t\t\t\t<div class=\"elementor-widget-container\">\n\t\t\t\t\t<h2 class=\"elementor-heading-title elementor-size-default\">Section Volley Pour Tous<\/h2>\t\t\t\t<\/div>\n\t\t\t\t<\/div>\n\t\t\t\t\t<\/div>\n\t\t\t\t<\/div>\n\t\t<div class=\"elementor-element elementor-element-e8ddd02 e-con-full e-flex e-con e-parent\" data-id=\"e8ddd02\" data-element_type=\"container\">\n\t\t<div class=\"elementor-element elementor-element-bd24a3a e-con-full e-flex e-con e-child\" data-id=\"bd24a3a\" data-element_type=\"container\">\n\t\t\t\t<div class=\"elementor-element elementor-element-0a0a40b elementor-invisible elementor-widget elementor-widget-image\" data-id=\"0a0a40b\" data-element_type=\"widget\" data-settings=\"{&quot;_animation&quot;:&quot;fadeInUp&quot;}\" data-widget_type=\"image.default\">\n\t\t\t\t<div class=\"elementor-widget-container\">\n\t\t\t\t\t\t\t\t\t\t\t\t\t\t\t<img fetchpriority=\"high\" decoding=\"async\" width=\"1024\" height=\"683\" src=\"https:\/\/ecovolleyorleans.com\/wp-content\/uploads\/2025\/04\/IMGL0070-1024x683.jpg\" class=\"attachment-large size-large wp-image-129\" alt=\"\" srcset=\"https:\/\/ecovolleyorleans.com\/wp-content\/uploads\/2025\/04\/IMGL0070-1024x683.jpg 1024w, https:\/\/ecovolleyorleans.com\/wp-content\/uploads\/2025\/04\/IMGL0070-300x200.jpg 300w, https:\/\/ecovolleyorleans.com\/wp-content\/uploads\/2025\/04\/IMGL0070-768x512.jpg 768w, https:\/\/ecovolleyorleans.com\/wp-content\/uploads\/2025\/04\/IMGL0070-1536x1024.jpg 1536w, https:\/\/ecovolleyorleans.com\/wp-content\/uploads\/2025\/04\/IMGL0070-2048x1365.jpg 2048w\" sizes=\"(max-width: 1024px) 100vw, 1024px\" \/>\t\t\t\t\t\t\t\t\t\t\t\t\t\t\t<\/div>\n\t\t\t\t<\/div>\n\t\t\t\t<\/div>\n\t\t<div class=\"elementor-element elementor-element-ee08aeb e-con-full e-flex e-con e-child\" data-id=\"ee08aeb\" data-element_type=\"container\">\n\t\t\t\t<div class=\"elementor-element elementor-element-136f4be animated-slow elementor-invisible elementor-widget elementor-widget-heading\" data-id=\"136f4be\" data-element_type=\"widget\" data-settings=\"{&quot;_animation&quot;:&quot;fadeInRight&quot;,&quot;_animation_delay&quot;:500}\" data-widget_type=\"heading.default\">\n\t\t\t\t<div class=\"elementor-widget-container\">\n\t\t\t\t\t<h2 class=\"elementor-heading-title elementor-size-default\">\u00c9quipe Volley assis<\/h2>\t\t\t\t<\/div>\n\t\t\t\t<\/div>\n\t\t\t\t<div class=\"elementor-element elementor-element-31d5499 animated-slow elementor-invisible elementor-widget elementor-widget-heading\" data-id=\"31d5499\" data-element_type=\"widget\" data-settings=\"{&quot;_animation&quot;:&quot;fadeInRight&quot;,&quot;_animation_delay&quot;:500}\" data-widget_type=\"heading.default\">\n\t\t\t\t<div class=\"elementor-widget-container\">\n\t\t\t\t\t<h2 class=\"elementor-heading-title elementor-size-default\">Effectif : 15 joueurs<\/h2>\t\t\t\t<\/div>\n\t\t\t\t<\/div>\n\t\t\t\t<div class=\"elementor-element elementor-element-25b8b60 animated-slow elementor-invisible elementor-widget elementor-widget-heading\" data-id=\"25b8b60\" data-element_type=\"widget\" data-settings=\"{&quot;_animation&quot;:&quot;fadeInRight&quot;,&quot;_animation_delay&quot;:500}\" data-widget_type=\"heading.default\">\n\t\t\t\t<div class=\"elementor-widget-container\">\n\t\t\t\t\t<h2 class=\"elementor-heading-title elementor-size-default\">Coach : C. DEJEAN<\/h2>\t\t\t\t<\/div>\n\t\t\t\t<\/div>\n\t\t\t\t<\/div>\n\t\t\t\t<\/div>\n\t\t<div class=\"elementor-element elementor-element-7ca6f09 e-con-full e-flex e-con e-parent\" data-id=\"7ca6f09\" data-element_type=\"container\">\n\t\t<div class=\"elementor-element elementor-element-66d5d61 e-con-full e-flex e-con e-child\" data-id=\"66d5d61\" data-element_type=\"container\">\n\t\t\t\t<div class=\"elementor-element elementor-element-331cf45 animated-slow elementor-invisible elementor-widget elementor-widget-heading\" data-id=\"331cf45\" data-element_type=\"widget\" data-settings=\"{&quot;_animation&quot;:&quot;fadeInLeft&quot;,&quot;_animation_delay&quot;:500}\" data-widget_type=\"heading.default\">\n\t\t\t\t<div class=\"elementor-widget-container\">\n\t\t\t\t\t<h2 class=\"elementor-heading-title elementor-size-default\">\u00c9quipe Volley Sant\u00e9<\/h2>\t\t\t\t<\/div>\n\t\t\t\t<\/div>\n\t\t\t\t<div class=\"elementor-element elementor-element-13b04c8 animated-slow elementor-invisible elementor-widget elementor-widget-heading\" data-id=\"13b04c8\" data-element_type=\"widget\" data-settings=\"{&quot;_animation&quot;:&quot;fadeInLeft&quot;,&quot;_animation_delay&quot;:500}\" data-widget_type=\"heading.default\">\n\t\t\t\t<div class=\"elementor-widget-container\">\n\t\t\t\t\t<h2 class=\"elementor-heading-title elementor-size-default\">Effectif : 8 joueuses<\/h2>\t\t\t\t<\/div>\n\t\t\t\t<\/div>\n\t\t\t\t<div class=\"elementor-element elementor-element-d4b719e animated-slow elementor-invisible elementor-widget elementor-widget-heading\" data-id=\"d4b719e\" data-element_type=\"widget\" data-settings=\"{&quot;_animation&quot;:&quot;fadeInLeft&quot;,&quot;_animation_delay&quot;:500}\" data-widget_type=\"heading.default\">\n\t\t\t\t<div class=\"elementor-widget-container\">\n\t\t\t\t\t<h2 class=\"elementor-heading-title elementor-size-default\">Coach : <span style=\"background-color: transparent\">C. DEJEAN<\/span><span style=\"background-color: transparent\"><\/span><br><\/h2>\t\t\t\t<\/div>\n\t\t\t\t<\/div>\n\t\t\t\t<\/div>\n\t\t<div class=\"elementor-element elementor-element-dea4d43 e-con-full e-flex e-con e-child\" data-id=\"dea4d43\" data-element_type=\"container\">\n\t\t\t\t<div class=\"elementor-element elementor-element-5ece38a elementor-invisible elementor-widget elementor-widget-image\" data-id=\"5ece38a\" data-element_type=\"widget\" data-settings=\"{&quot;_animation&quot;:&quot;fadeInUp&quot;}\" data-widget_type=\"image.default\">\n\t\t\t\t<div class=\"elementor-widget-container\">\n\t\t\t\t\t\t\t\t\t\t\t\t\t\t\t<img decoding=\"async\" width=\"1024\" height=\"683\" src=\"https:\/\/ecovolleyorleans.com\/wp-content\/uploads\/2025\/04\/IMGL0616-1-1024x683.jpg\" class=\"attachment-large size-large wp-image-131\" alt=\"\" srcset=\"https:\/\/ecovolleyorleans.com\/wp-content\/uploads\/2025\/04\/IMGL0616-1-1024x683.jpg 1024w, https:\/\/ecovolleyorleans.com\/wp-content\/uploads\/2025\/04\/IMGL0616-1-300x200.jpg 300w, https:\/\/ecovolleyorleans.com\/wp-content\/uploads\/2025\/04\/IMGL0616-1-768x512.jpg 768w, https:\/\/ecovolleyorleans.com\/wp-content\/uploads\/2025\/04\/IMGL0616-1-1536x1024.jpg 1536w, https:\/\/ecovolleyorleans.com\/wp-content\/uploads\/2025\/04\/IMGL0616-1-2048x1365.jpg 2048w\" sizes=\"(max-width: 1024px) 100vw, 1024px\" \/>\t\t\t\t\t\t\t\t\t\t\t\t\t\t\t<\/div>\n\t\t\t\t<\/div>\n\t\t\t\t<\/div>\n\t\t\t\t<\/div>\n\t\t<div class=\"elementor-element elementor-element-19414db e-con-full e-flex e-con e-parent\" data-id=\"19414db\" data-element_type=\"container\">\n\t\t<div class=\"elementor-element elementor-element-6130baf e-con-full e-flex e-con e-child\" data-id=\"6130baf\" data-element_type=\"container\">\n\t\t\t\t<\/div>\n\t\t<div class=\"elementor-element elementor-element-94c302f e-con-full e-flex e-con e-child\" data-id=\"94c302f\" data-element_type=\"container\">\n\t\t\t\t<div class=\"elementor-element elementor-element-224a547 animated-slow elementor-invisible elementor-widget elementor-widget-heading\" data-id=\"224a547\" data-element_type=\"widget\" data-settings=\"{&quot;_animation&quot;:&quot;fadeInRight&quot;,&quot;_animation_delay&quot;:500}\" data-widget_type=\"heading.default\">\n\t\t\t\t<div class=\"elementor-widget-container\">\n\t\t\t\t\t<h2 class=\"elementor-heading-title elementor-size-default\">\u00c9quipe Volley famille<\/h2>\t\t\t\t<\/div>\n\t\t\t\t<\/div>\n\t\t\t\t<div class=\"elementor-element elementor-element-704ba18 animated-slow elementor-invisible elementor-widget elementor-widget-heading\" data-id=\"704ba18\" data-element_type=\"widget\" data-settings=\"{&quot;_animation&quot;:&quot;fadeInRight&quot;,&quot;_animation_delay&quot;:500}\" data-widget_type=\"heading.default\">\n\t\t\t\t<div class=\"elementor-widget-container\">\n\t\t\t\t\t<h2 class=\"elementor-heading-title elementor-size-default\">Effectif : 20 joueurs<\/h2>\t\t\t\t<\/div>\n\t\t\t\t<\/div>\n\t\t\t\t<div class=\"elementor-element elementor-element-0360e4a animated-slow elementor-invisible elementor-widget elementor-widget-heading\" data-id=\"0360e4a\" data-element_type=\"widget\" data-settings=\"{&quot;_animation&quot;:&quot;fadeInRight&quot;,&quot;_animation_delay&quot;:500}\" data-widget_type=\"heading.default\">\n\t\t\t\t<div class=\"elementor-widget-container\">\n\t\t\t\t\t<h2 class=\"elementor-heading-title elementor-size-default\">Coach : JL. HAGNIEL<\/h2>\t\t\t\t<\/div>\n\t\t\t\t<\/div>\n\t\t\t\t<\/div>\n\t\t\t\t<\/div>\n\t\t<div class=\"elementor-element elementor-element-5f24b13 e-con-full e-flex e-con e-parent\" data-id=\"5f24b13\" data-element_type=\"container\">\n\t\t<div class=\"elementor-element elementor-element-cc1234e e-con-full e-flex e-con e-child\" data-id=\"cc1234e\" data-element_type=\"container\">\n\t\t\t\t<div class=\"elementor-element elementor-element-aad7cc2 animated-slow elementor-invisible elementor-widget elementor-widget-heading\" data-id=\"aad7cc2\" data-element_type=\"widget\" data-settings=\"{&quot;_animation&quot;:&quot;fadeInLeft&quot;,&quot;_animation_delay&quot;:500}\" data-widget_type=\"heading.default\">\n\t\t\t\t<div class=\"elementor-widget-container\">\n\t\t\t\t\t<h2 class=\"elementor-heading-title elementor-size-default\">\u00c9quipe Volley Loisirs<\/h2>\t\t\t\t<\/div>\n\t\t\t\t<\/div>\n\t\t\t\t<div class=\"elementor-element elementor-element-e43b9c9 animated-slow elementor-invisible elementor-widget elementor-widget-heading\" data-id=\"e43b9c9\" data-element_type=\"widget\" data-settings=\"{&quot;_animation&quot;:&quot;fadeInLeft&quot;,&quot;_animation_delay&quot;:500}\" data-widget_type=\"heading.default\">\n\t\t\t\t<div class=\"elementor-widget-container\">\n\t\t\t\t\t<h2 class=\"elementor-heading-title elementor-size-default\">Effectif : 35 joueuses<\/h2>\t\t\t\t<\/div>\n\t\t\t\t<\/div>\n\t\t\t\t<div class=\"elementor-element elementor-element-01ad7c9 animated-slow elementor-invisible elementor-widget elementor-widget-heading\" data-id=\"01ad7c9\" data-element_type=\"widget\" data-settings=\"{&quot;_animation&quot;:&quot;fadeInLeft&quot;,&quot;_animation_delay&quot;:500}\" data-widget_type=\"heading.default\">\n\t\t\t\t<div class=\"elementor-widget-container\">\n\t\t\t\t\t<h2 class=\"elementor-heading-title elementor-size-default\">Coach : D. CHARDERON et C. MORA<\/h2>\t\t\t\t<\/div>\n\t\t\t\t<\/div>\n\t\t\t\t<\/div>\n\t\t<div class=\"elementor-element elementor-element-eeaa2a1 e-con-full e-flex e-con e-child\" data-id=\"eeaa2a1\" data-element_type=\"container\">\n\t\t\t\t<\/div>\n\t\t\t\t<\/div>\n\t\t\t\t<\/div>\n\t\t","protected":false},"excerpt":{"rendered":"<p>Section Volley Pour Tous \u00c9quipe Volley assis Effectif : 15 joueurs Coach : C. DEJEAN \u00c9quipe Volley Sant\u00e9 Effectif : 8 joueuses Coach : C. DEJEAN \u00c9quipe Volley famille Effectif : 20 joueurs Coach : JL. HAGNIEL \u00c9quipe Volley Loisirs Effectif : 35 joueuses Coach : D. CHARDERON et C. MORA<\/p>\n","protected":false},"author":1,"featured_media":0,"parent":0,"menu_order":0,"comment_status":"closed","ping_status":"closed","template":"","meta":{"_kad_post_transparent":"disable","_kad_post_title":"hide","_kad_post_layout":"fullwidth","_kad_post_sidebar_id":"","_kad_post_content_style":"unboxed","_kad_post_vertical_padding":"hide","_kad_post_feature":"hide","_kad_post_feature_position":"","_kad_post_header":false,"_kad_post_footer":false,"footnotes":""},"class_list":["post-30","page","type-page","status-publish","hentry"],"_links":{"self":[{"href":"https:\/\/ecovolleyorleans.com\/index.php\/wp-json\/wp\/v2\/pages\/30","targetHints":{"allow":["GET"]}}],"collection":[{"href":"https:\/\/ecovolleyorleans.com\/index.php\/wp-json\/wp\/v2\/pages"}],"about":[{"href":"https:\/\/ecovolleyorleans.com\/index.php\/wp-json\/wp\/v2\/types\/page"}],"author":[{"embeddable":true,"href":"https:\/\/ecovolleyorleans.com\/index.php\/wp-json\/wp\/v2\/users\/1"}],"replies":[{"embeddable":true,"href":"https:\/\/ecovolleyorleans.com\/index.php\/wp-json\/wp\/v2\/comments?post=30"}],"version-history":[{"count":5,"href":"https:\/\/ecovolleyorleans.com\/index.php\/wp-json\/wp\/v2\/pages\/30\/revisions"}],"predecessor-version":[{"id":134,"href":"https:\/\/ecovolleyorleans.com\/index.php\/wp-json\/wp\/v2\/pages\/30\/revisions\/134"}],"wp:attachment":[{"href":"https:\/\/ecovolleyorleans.com\/index.php\/wp-json\/wp\/v2\/media?parent=30"}],"curies":[{"name":"wp","href":"https:\/\/api.w.org\/{rel}","templated":true}]}}